{"id":5350,"date":"2023-01-03T12:25:48","date_gmt":"2023-01-03T11:25:48","guid":{"rendered":"https:\/\/gminawierzbno.pl\/bip\/?page_id=5350"},"modified":"2025-12-11T12:41:04","modified_gmt":"2025-12-11T11:41:04","slug":"rodo","status":"publish","type":"page","link":"https:\/\/gminawierzbno.pl\/bip\/rodo\/","title":{"rendered":"RODO"},"content":{"rendered":"<!-- WP Attachments -->\r\n        <div style=\"width:100%;margin:10px 0 10px 0;\">\r\n            <h3>Za\u0142\u0105czniki<\/h3>\r\n        <ul class=\"post-attachments\"><li class=\"post-attachment mime-application-pdf\"><a href=\"https:\/\/gminawierzbno.pl\/bip\/rodo\/?download=10308\">informacja-rodo-skargi-i-wnioski<\/a> <small>(131 kB)<\/small> <div style=\"float:right;\">2025.12.11 12:41<\/div><\/li><li class=\"post-attachment mime-application-pdf\"><a href=\"https:\/\/gminawierzbno.pl\/bip\/rodo\/?download=10127\">klauzula og\u00f3lna RODO<\/a> <small>(137 kB)<\/small> <div style=\"float:right;\">2025.10.01 15:23<\/div><\/li><li class=\"post-attachment mime-application-pdf\"><a href=\"https:\/\/gminawierzbno.pl\/bip\/rodo\/?download=10128\">klauzula dla kandydat\u00f3w do pracy<\/a> <small>(121 kB)<\/small> <div style=\"float:right;\">2025.10.01 15:23<\/div><\/li><\/ul><\/div>","protected":false},"excerpt":{"rendered":"<p>Za\u0142\u0105czniki informacja-rodo-skargi-i-wnioski (131 kB) 2025.12.11 12:41klauzula og\u00f3lna RODO (137 kB) 2025.10.01 15:23klauzula dla kandydat\u00f3w do pracy (121 kB) 2025.10.01 15:23<\/p>\n","protected":false},"author":1,"featured_media":0,"parent":0,"menu_order":0,"comment_status":"closed","ping_status":"closed","template":"","meta":{"_acf_changed":false,"footnotes":""},"acf":[],"yoast_head":"<!-- This site is optimized with the Yoast SEO plugin v24.1 - https:\/\/yoast.com\/wordpress\/plugins\/seo\/ -->\n<title>RODO - Biuletyn Informacji Publicznej<\/title>\n<meta name=\"robots\" content=\"index, follow, max-snippet:-1, max-image-preview:large, max-video-preview:-1\" \/>\n<link rel=\"canonical\" href=\"https:\/\/gminawierzbno.pl\/bip\/rodo\/\" \/>\n<meta property=\"og:locale\" content=\"pl_PL\" \/>\n<meta property=\"og:type\" content=\"article\" \/>\n<meta property=\"og:title\" content=\"RODO - Biuletyn Informacji Publicznej\" \/>\n<meta property=\"og:description\" content=\"Za\u0142\u0105czniki informacja-rodo-skargi-i-wnioski (131 kB) 2025.12.11 12:41klauzula og\u00f3lna RODO (137 kB) 2025.10.01 15:23klauzula dla kandydat\u00f3w do pracy (121 kB) 2025.10.01 15:23\" \/>\n<meta property=\"og:url\" content=\"https:\/\/gminawierzbno.pl\/bip\/rodo\/\" \/>\n<meta property=\"og:site_name\" content=\"Biuletyn Informacji Publicznej\" \/>\n<meta property=\"article:modified_time\" content=\"2025-12-11T11:41:04+00:00\" \/>\n<meta name=\"twitter:card\" content=\"summary_large_image\" \/>\n<script type=\"application\/ld+json\" class=\"yoast-schema-graph\">{\"@context\":\"https:\/\/schema.org\",\"@graph\":[{\"@type\":\"WebPage\",\"@id\":\"https:\/\/gminawierzbno.pl\/bip\/rodo\/\",\"url\":\"https:\/\/gminawierzbno.pl\/bip\/rodo\/\",\"name\":\"RODO - Biuletyn Informacji Publicznej\",\"isPartOf\":{\"@id\":\"https:\/\/gminawierzbno.pl\/bip\/#website\"},\"datePublished\":\"2023-01-03T11:25:48+00:00\",\"dateModified\":\"2025-12-11T11:41:04+00:00\",\"breadcrumb\":{\"@id\":\"https:\/\/gminawierzbno.pl\/bip\/rodo\/#breadcrumb\"},\"inLanguage\":\"pl-PL\",\"potentialAction\":[{\"@type\":\"ReadAction\",\"target\":[\"https:\/\/gminawierzbno.pl\/bip\/rodo\/\"]}]},{\"@type\":\"BreadcrumbList\",\"@id\":\"https:\/\/gminawierzbno.pl\/bip\/rodo\/#breadcrumb\",\"itemListElement\":[{\"@type\":\"ListItem\",\"position\":1,\"name\":\"Strona g\u0142\u00f3wna\",\"item\":\"https:\/\/gminawierzbno.pl\/bip\/\"},{\"@type\":\"ListItem\",\"position\":2,\"name\":\"RODO\"}]},{\"@type\":\"WebSite\",\"@id\":\"https:\/\/gminawierzbno.pl\/bip\/#website\",\"url\":\"https:\/\/gminawierzbno.pl\/bip\/\",\"name\":\"Biuletyn Informacji Publicznej\",\"description\":\"Urz\u0105d Gminy Wierzbno\",\"publisher\":{\"@id\":\"https:\/\/gminawierzbno.pl\/bip\/#organization\"},\"potentialAction\":[{\"@type\":\"SearchAction\",\"target\":{\"@type\":\"EntryPoint\",\"urlTemplate\":\"https:\/\/gminawierzbno.pl\/bip\/?s={search_term_string}\"},\"query-input\":{\"@type\":\"PropertyValueSpecification\",\"valueRequired\":true,\"valueName\":\"search_term_string\"}}],\"inLanguage\":\"pl-PL\"},{\"@type\":\"Organization\",\"@id\":\"https:\/\/gminawierzbno.pl\/bip\/#organization\",\"name\":\"Urz\u0105d Gminy Wierzbno\",\"url\":\"https:\/\/gminawierzbno.pl\/bip\/\",\"logo\":{\"@type\":\"ImageObject\",\"inLanguage\":\"pl-PL\",\"@id\":\"https:\/\/gminawierzbno.pl\/bip\/#\/schema\/logo\/image\/\",\"url\":\"https:\/\/gminawierzbno.pl\/bip\/wp-content\/uploads\/sites\/2\/2022\/12\/desktop_logo.png\",\"contentUrl\":\"https:\/\/gminawierzbno.pl\/bip\/wp-content\/uploads\/sites\/2\/2022\/12\/desktop_logo.png\",\"width\":301,\"height\":143,\"caption\":\"Urz\u0105d Gminy Wierzbno\"},\"image\":{\"@id\":\"https:\/\/gminawierzbno.pl\/bip\/#\/schema\/logo\/image\/\"}}]}<\/script>\n<!-- \/ Yoast SEO plugin. -->","yoast_head_json":{"title":"RODO - Biuletyn Informacji Publicznej","robots":{"index":"index","follow":"follow","max-snippet":"max-snippet:-1","max-image-preview":"max-image-preview:large","max-video-preview":"max-video-preview:-1"},"canonical":"https:\/\/gminawierzbno.pl\/bip\/rodo\/","og_locale":"pl_PL","og_type":"article","og_title":"RODO - Biuletyn Informacji Publicznej","og_description":"Za\u0142\u0105czniki informacja-rodo-skargi-i-wnioski (131 kB) 2025.12.11 12:41klauzula og\u00f3lna RODO (137 kB) 2025.10.01 15:23klauzula dla kandydat\u00f3w do pracy (121 kB) 2025.10.01 15:23","og_url":"https:\/\/gminawierzbno.pl\/bip\/rodo\/","og_site_name":"Biuletyn Informacji Publicznej","article_modified_time":"2025-12-11T11:41:04+00:00","twitter_card":"summary_large_image","schema":{"@context":"https:\/\/schema.org","@graph":[{"@type":"WebPage","@id":"https:\/\/gminawierzbno.pl\/bip\/rodo\/","url":"https:\/\/gminawierzbno.pl\/bip\/rodo\/","name":"RODO - Biuletyn Informacji Publicznej","isPartOf":{"@id":"https:\/\/gminawierzbno.pl\/bip\/#website"},"datePublished":"2023-01-03T11:25:48+00:00","dateModified":"2025-12-11T11:41:04+00:00","breadcrumb":{"@id":"https:\/\/gminawierzbno.pl\/bip\/rodo\/#breadcrumb"},"inLanguage":"pl-PL","potentialAction":[{"@type":"ReadAction","target":["https:\/\/gminawierzbno.pl\/bip\/rodo\/"]}]},{"@type":"BreadcrumbList","@id":"https:\/\/gminawierzbno.pl\/bip\/rodo\/#breadcrumb","itemListElement":[{"@type":"ListItem","position":1,"name":"Strona g\u0142\u00f3wna","item":"https:\/\/gminawierzbno.pl\/bip\/"},{"@type":"ListItem","position":2,"name":"RODO"}]},{"@type":"WebSite","@id":"https:\/\/gminawierzbno.pl\/bip\/#website","url":"https:\/\/gminawierzbno.pl\/bip\/","name":"Biuletyn Informacji Publicznej","description":"Urz\u0105d Gminy Wierzbno","publisher":{"@id":"https:\/\/gminawierzbno.pl\/bip\/#organization"},"potentialAction":[{"@type":"SearchAction","target":{"@type":"EntryPoint","urlTemplate":"https:\/\/gminawierzbno.pl\/bip\/?s={search_term_string}"},"query-input":{"@type":"PropertyValueSpecification","valueRequired":true,"valueName":"search_term_string"}}],"inLanguage":"pl-PL"},{"@type":"Organization","@id":"https:\/\/gminawierzbno.pl\/bip\/#organization","name":"Urz\u0105d Gminy Wierzbno","url":"https:\/\/gminawierzbno.pl\/bip\/","logo":{"@type":"ImageObject","inLanguage":"pl-PL","@id":"https:\/\/gminawierzbno.pl\/bip\/#\/schema\/logo\/image\/","url":"https:\/\/gminawierzbno.pl\/bip\/wp-content\/uploads\/sites\/2\/2022\/12\/desktop_logo.png","contentUrl":"https:\/\/gminawierzbno.pl\/bip\/wp-content\/uploads\/sites\/2\/2022\/12\/desktop_logo.png","width":301,"height":143,"caption":"Urz\u0105d Gminy Wierzbno"},"image":{"@id":"https:\/\/gminawierzbno.pl\/bip\/#\/schema\/logo\/image\/"}}]}},"_links":{"self":[{"href":"https:\/\/gminawierzbno.pl\/bip\/wp-json\/wp\/v2\/pages\/5350"}],"collection":[{"href":"https:\/\/gminawierzbno.pl\/bip\/wp-json\/wp\/v2\/pages"}],"about":[{"href":"https:\/\/gminawierzbno.pl\/bip\/wp-json\/wp\/v2\/types\/page"}],"author":[{"embeddable":true,"href":"https:\/\/gminawierzbno.pl\/bip\/wp-json\/wp\/v2\/users\/1"}],"replies":[{"embeddable":true,"href":"https:\/\/gminawierzbno.pl\/bip\/wp-json\/wp\/v2\/comments?post=5350"}],"version-history":[{"count":2,"href":"https:\/\/gminawierzbno.pl\/bip\/wp-json\/wp\/v2\/pages\/5350\/revisions"}],"predecessor-version":[{"id":10129,"href":"https:\/\/gminawierzbno.pl\/bip\/wp-json\/wp\/v2\/pages\/5350\/revisions\/10129"}],"wp:attachment":[{"href":"https:\/\/gminawierzbno.pl\/bip\/wp-json\/wp\/v2\/media?parent=5350"}],"curies":[{"name":"wp","href":"https:\/\/api.w.org\/{rel}","templated":true}]}}